base 10.
-1
What is -27 (base 14) in base 15?
-25
Convert 110 (base 2) to base 14.
6
Convert -5 (base 10) to base 8.
-5
What is -3 (base 14) in base 5?
-3
145 (base 13) to base 14
122
What is 32 (base 8) in base 15?
1b
4 (base 15) to base 14
4
Convert 10 (base 13) to base 6.
21
What is -4 (base 7) in base 5?
-4
What is 0 (base 8) in base 12?
0
What is -10 (base 5) in base 12?
-5
Convert 9 (base 13) to base 11.
9
-1b (base 15) to base 10
-26
What is -53 (base 13) in base 6?
-152
Convert 1 (base 15) to base 11.
1
-5 (base 14) to base 15
-5
What is 400 (base 5) in base 14?
72
What is -4 (base 9) in base 6?
-4
What is -12 (base 3) in base 6?
-5
What is -200 (base 4) in base 5?
-112
What is -30 (base 5) in base 2?
-1111
-7 (base 13) to base 16
-7
Convert -125 (base 9) to base 13.
-80
Convert -5 (base 8) to base 3.
-12
Convert 10 (base 3) to base 10.
3
34 (base 16) to base 11
48
What is 4 (base 7) in base 16?
4
Convert -1 (base 4) to base 16.
-1
What is -95 (base 11) in base 14?
-76
Convert -6 (base 15) to base 13.
-6
Convert 5 (base 7) to base 14.
5
What is 100011 (base 3) in base 16?
f7
What is 12 (base 10) in base 3?
110
Convert -2022 (base 5) to base 2.
-100000110
100 (base 3) to base 8
11
Convert 3 (base 14) to base 5.
3
-221 (base 4) to base 15
-2b
What is 11 (base 13) in base 9?
15
0 (base 9) to base 4
0
15 (base 12) to base 10
17
What is 4 (base 5) in base 16?
4
Convert 6 (base 13) to base 12.
6
What is a (base 16) in base 10?
10
-3 (base 13) to base 16
-3
Convert -81 (base 13) to base 12.
-89
7 (base 9) to base 8
7
Convert -20 (base 9) to base 15.
-13
What is -3 (base 4) in base 5?
-3
What is -2111 (base 3) in base 9?
-74
Convert 11 (base 2) to base 12.
3
63 (base 7) to base 10
45
Convert 8 (base 13) to base 6.
12
71 (base 11) to base 16
4e
11 (base 6) to base 10
7
Convert -3 (base 6) to base 3.
-10
Convert 11 (base 4) to base 13.
5
What is 3 (base 4) in base 8?
3
Convert 10 (base 2) to base 12.
2
What is 1001 (base 2) in base 12?
9
Convert 34 (base 12) to base 16.
28
-1 (base 6) to base 9
-1
-10 (base 5) to base 8
-5
What is -4d (base 16) in base 15?
-52
Convert 33 (base 8) to base 5.
102
What is 10000 (base 2) in base 4?
100
Convert 0 (base 5) to base 16.
0
Convert -2 (base 11) to base 8.
-2
What is 0 (base 12) in base 8?
0
What is -14 (base 9) in base 8?
-15
0 (base 8) to base 14
0
-75 (base 14) to base 15
-6d
-3 (base 16) to base 2
-11
-10 (base 4) to base 10
-4
What is 1a (base 15) in base 14?
1b
Convert 33 (base 13) to base 14.
30
33 (base 4) to base 3
120
3 (base 10) to base 16
3
Convert 12 (base 4) to base 10.
6
3 (base 4) to base 15
3
-254 (base 6) to base 11
-97
What is -11 (base 9) in base 4?
-22
What is 16 (base 14) in base 7?
26
What is 13 (base 16) in base 11?
18
Convert 3 (base 4) to base 15.
3
Convert -10100 (base 2) to base 12.
-18
-4 (base 13) to base 9
-4
Convert 20 (base 7) to base 6.
22
4 (base 8) to base 15
4
What is -18 (base 12) in base 11?
-19
Convert 9 (base 16) to base 14.
9
-55 (base 9) to base 3
-1212
What is 1211 (base 3) in base 14?
37
Convert -13 (base 7) to base 15.
-a
What is 2 (base 12) in base 9?
2
-11 (base 4) to base 13
-5
What is -1033 (base 4) in base 5?
-304
Convert -101 (base 2) to base 9.
-5
Convert -60 (base 12) to base 3.
-2200
Convert 0 (base 15) to base 14.
0
What is -4 (base 10) in base 16?
-4
-3 (base 7) to base 16
-3
2 (base 11) to base 16
2
What is -3 (base 7) in base 14?
-3
-8 (base 12) to base 16
-8
Convert -4 (base 15) to base 8.
-4
What is -212 (base 3) in base 2?
-10111
-143 (base 9) to base 7
-231
-4 (base 10) to base 6
-4
Convert -15 (base 10) to base 4.
-33
Convert 2 (base 12) to base 13.
2
What is -3 (base 8) in base 2?
-11
-24 (base 5) to base 9
-15
-147 (base 12) to base 15
-d4
Convert 14 (base 15) to base 10.
19
10001 (base 2) to base 7
23
-c8 (base 15) to base 16
-bc
-1203 (base 4) to base 7
-201
What is -2 (base 12) in base 10?
-2
Convert 6 (base 13) to base 10.
6
Convert -1322 (base 5) to base 2.
-11010100
10110011 (base 2) to base 9
218
What is 31 (base 6) in base 12?
17
3 (base 8) to base 11
3
256 (base 13) to base 4
12121
Convert -4c (base 16) to base 6.
-204
What is 0 (base 5) in base 2?
0
-125 (base 8) to base 6
-221
Convert 18 (base 11) to base 16.
13
What is 84 (base 13) in base 2?
1101100
-440 (base 5) to base 9
-143
What is 5 (base 8) in base 11?
5
Convert 1b (base 15) to base 14.
1c
Convert f (base 16) to base 10.
15
What is a (base 11) in base 15?
a
What is -10110 (base 2) in base 11?
-20
What is -30 (base 4) in base 15?
-c
What is 25 (base 13) in base 4?
133
Convert 4 (base 8) to base 3.
11
Convert -3 (base 13) to base 10.
-3
-55 (base 9) to base 5
-200
What is 28 (base 9) in base 14?
1c
da (base 15) to base 11
177
What is -2 (base 6) in base 2?
-10
Convert 15 (base 9) to base 12.
12
Convert 10 (base 6) to base 14.
6
Convert -2 (base 15) to base 13.
-2
Convert -c (base 16) to base 12.
-10
Convert -2c (base 15) to base 5.
-132
Convert 11 (base 3) to base 12.
4
-1 (base 11) to base 6
-1
Convert 2 (base 14) to base 4.
2
Convert 2 (base 14) to base 11.
2
Convert -10 (base 3) to base 8.
-3
-1 (base 4) to base 8
-1
Convert 107 (base 9) to base 3.
10021
Convert 503 (base 7) to base 15.
118
Convert 137 (base 10) to base 2.
10001001
What is -66 (base 11) in base 6?
-200
Convert -21 (base 16) to base 4.
-201
14 (base 11) to base 12
13
What is 65 (base 7) in base 6?
115
Convert 8 (base 10) to base 13.
8
Convert -2 (base 15) to base 7.
-2
-23 (base 7) to base 8
-21
What is -313 (base 4) in base 15?
-3a
-94 (base 14) to base 7
-244
What is 25 (base 10) in base 12?
21
2 (base 11) to base 8
2
Convert 13 (base 14) to base 3.
122
Convert 210 (base 3) to base 7.
30
80 (base 11) to base 5
323
-3 (base 8) to base 15
-3
What is -13b (base 14) in base 3?
-100020
What is 23 (base 6) in base 5?
30
What is 4 (base 6) in base 11?
4
What is 253 (base 9) in base 5?
1320
Convert -4 (base 15) to base 8.
-4
166 (base 10) to base 7
325
28 (base 15) to base 16
26
What is 8 (base 9) in base 10?
8
Convert d9 (base 16) to base 13.
139
10010010 (base 2) to base 11
123
-1 (base 13) to base 5
-1
1101 (base 4) to base 16
51
Convert -11 (base 9) to base 6.
-14
What is -1201 (base 3) in base 13?
-37
What is -10 (base 5) in base 14?
-5
Convert 12 (base 13) to base 3.
120
What is 4 (base 11) in base 15?
4
What is 1 (base 12) in base 10?
1
Convert -a (base 13) to base 4.
-22
Convert 2 (base 3) to base 2.
10
Convert 10 (base 2) to base 11.
2
Convert 139 (base 10) to base 14.
9d
What is 4 (base 8) in base 16?
4
What is 53 (base 7) in base 11?
35
Convert 521 (base 7) to base 13.
170
What is 39 (base 16) in base 13?
45
33 (base 14) to base 4
231
What is 36 (base 15) in base 11?
47
-12 (base 7) to base 6
-13
What is 103 (base 9) in base 10?
84
What is -4 (base 15) in base 11?
-4
What is -11001 (base 2) in base 9?
-27
Convert -b8 (base 13) to base 16.
-97
What is -10 (base 3) in base 10?
-3
What is -1 (base 12) in base 13?
-1
-2 (base 9) to base 15
-2
4 (base 12) to base 3
11
-46 (base 9) to base 2
-101010
10111 (base 3) to base 2
1011110
What is 1000 (base 2) in base 5?
13
-2 (base 9) to base 2
-10
4 (base 16) to base 9
4
b (base 12) to base 5
21
Convert -8 (base 9) to base 12.
-8
What is 136 (base 7) in base 12?
64
7 (base 11) to base 14
7
What is -3 (base 4) in base 5?
-3
What is -1110 (base 2) in base 15?
-e
What is -91 (base 14) in base 3?
-11201
3 (base 14) to base 10
3
What is 200 (base 4) in base 7?
44
49 (base 12) to base 9
63
-40 (base 5) to base 11
-19
-12 (base 12) to base 5
-24
Convert -32 (base 9) to base 6.
-45
315 (base 6) to base 15
7e
41 (base 8) to base 6
53
Convert 0 (base 2) to base 11.
0
-88 (base 15) to base 3
-11202
Convert 1 (base 5) to base 3.
1
What is 44 (base 14) in base 5?
220
What is -3 (base 10) in base 8?
-3
1050 (base 6) to base 10
246
-30 (base 8) to base 2
-11000
-9 (base 12) to base 14
-9
What is 77 (base 11) in base 6?
220
130 (base 6) to base 11
4a
Convert -110000 (base 2) to base 11.
-44
Convert 401 (base 5) to base 11.
92
Convert 51 (base 12) to base 11.
56
What is -6 (base 16) in base 4?
-12
What is 332 (base 5) in base 4?
1130
26 (base 12) to base 7
42
What is -7 (base 13) in base 7?
-10
-100 (base 3) to base 16
-9
Convert -1a (base 14) to base 15.
-19
Convert -54 (b